s the highest common divisor of 442710 and 30?
30
What is the highest common divisor of 2664 and 12888?
72
What is the greatest common divisor of 1968760 and 20?
20
Calculate the greatest common divisor of 2304 and 30456.
72
Calculate the greatest common factor of 25359 and 5135.
79
What is the highest common factor of 65745 and 1215?
135
What is the highest common divisor of 1440 and 2336?
32
What is the greatest common divisor of 805 and 122220?
35
What is the greatest common factor of 5670 and 495?
45
Calculate the highest common factor of 5056 and 79316.
316
What is the highest common factor of 540 and 1203330?
30
Calculate the greatest common factor of 2259 and 36395.
251
What is the highest common divisor of 203 and 37919?
7
Calculate the greatest common divisor of 6 and 780.
6
What is the greatest common divisor of 230277 and 14311?
1301
Calculate the greatest common divisor of 12 and 70280.
4
What is the highest common factor of 527 and 2873?
17
Calculate the highest common factor of 6752 and 1266.
422
What is the highest common divisor of 4353035 and 745?
745
Calculate the highest common factor of 180 and 100.
20
Calculate the greatest common factor of 1456 and 10088.
104
What is the greatest common factor of 3180 and 112260?
60
Calculate the highest common factor of 546 and 87828.
78
Calculate the highest common divisor of 211455 and 127.
127
What is the highest common factor of 2482 and 50224?
146
Calculate the highest common divisor of 36540 and 348.
348
Calculate the highest common divisor of 115040 and 90.
10
Calculate the highest common factor of 7514008 and 11155.
2231
Calculate the greatest common factor of 2176217 and 521.
521
What is the highest common factor of 40455 and 33759?
279
What is the greatest common divisor of 1535899 and 1623?
541
Calculate the highest common divisor of 1968 and 33702.
246
What is the greatest common divisor of 19 and 581989?
19
Calculate the greatest common factor of 4895 and 235.
5
What is the greatest common divisor of 1225 and 2989?
49
What is the highest common divisor of 4030 and 862823?
403
Calculate the highest common factor of 13668 and 8241.
201
What is the greatest common divisor of 25718 and 77?
77
What is the highest common divisor of 38740 and 680?
20
Calculate the highest common divisor of 48 and 74238.
6
Calculate the highest common factor of 151456 and 32.
32
Calculate the greatest common factor of 34650 and 1694.
154
What is the highest common divisor of 1387 and 10697?
19
Calculate the highest common divisor of 8544 and 3648.
96
Calculate the highest common factor of 510 and 1539435.
255
What is the greatest common divisor of 24 and 25716?
12
What is the highest common divisor of 671 and 28182?
671
Calculate the highest common factor of 17 and 58.
1
What is the highest common factor of 20698 and 12838?
262
What is the highest common factor of 17243 and 2752?
43
Calculate the highest common divisor of 3848 and 20144.
8
What is the greatest common factor of 270 and 20880?
90
Calculate the greatest common divisor of 24080 and 200.
40
Calculate the greatest common factor of 1 and 37574.
1
Calculate the highest common divisor of 157 and 457969.
157
Calculate the greatest common factor of 348 and 1838658.
174
What is the greatest common factor of 17303 and 858?
143
Calculate the highest common factor of 2 and 60026.
2
What is the highest common divisor of 21 and 48153?
21
What is the highest common divisor of 8047736 and 2032?
1016
What is the highest common factor of 16 and 45488?
16
What is the highest common factor of 282902 and 74?
74
What is the highest common divisor of 9 and 1923?
3
What is the highest common divisor of 208221 and 281?
281
What is the highest common divisor of 95376 and 32?
16
Calculate the highest common factor of 567 and 307566.
63
Calculate the highest common factor of 49595 and 1547.
91
Calculate the greatest common factor of 18176 and 4352.
256
What is the highest common divisor of 2603 and 817?
19
Calculate the highest common factor of 8600 and 390956.
172
Calculate the highest common divisor of 200 and 2695.
5
What is the greatest common divisor of 936 and 559?
13
What is the highest common factor of 94183 and 57?
19
Calculate the highest common factor of 1663926 and 17.
17
What is the greatest common factor of 193 and 12?
1
Calculate the highest common factor of 5067036 and 117.
117
Calculate the greatest common factor of 1266680 and 280.
40
What is the greatest common factor of 43 and 1607?
1
What is the greatest common divisor of 11607 and 41499?
159
What is the greatest common divisor of 52554 and 456?
114
What is the highest common divisor of 108 and 543276?
36
Calculate the greatest common divisor of 19552 and 940.
188
What is the highest common factor of 81852 and 285?
57
Calculate the highest common factor of 59636 and 272.
68
What is the greatest common factor of 798 and 29379?
21
Calculate the highest common factor of 1411650 and 300.
150
Calculate the highest common factor of 2912 and 234.
26
Calculate the highest common factor of 48103 and 4598.
11
What is the greatest common factor of 1220 and 8980?
20
What is the highest common divisor of 1590 and 134726?
106
Calculate the greatest common factor of 84 and 10284.
12
What is the greatest common divisor of 3 and 14072?
1
Calculate the highest common factor of 47 and 16121.
47
What is the highest common divisor of 1157739 and 264?
33
What is the greatest common divisor of 248 and 45272?
8
Calculate the greatest common factor of 2396956 and 904.
452
What is the greatest common divisor of 1039278 and 552?
138
Calculate the highest common factor of 85 and 46648.
17
Calculate the highest common divisor of 6 and 169029.
3
What is the highest common factor of 89334 and 72?
18
What is the highest common divisor of 156744 and 6?
6
What is the greatest common factor of 84 and 10752?
84
Calculate the greatest common factor of 25370 and 15.
5
Calculate the greatest common divisor of 9315 and 765.
45
Calculate the greatest common divisor of 145 and 533542.
29
What is the highest common divisor of 4228 and 69118?
14
What is the greatest common divisor of 558 and 13206?
186
Calculate the highest common divisor of 112 and 10472.
56
Calculate the greatest common divisor of 38155 and 26.
13
Calculate the greatest common divisor of 75 and 62007.
3
What is the greatest common factor of 15 and 287340?
15
Calculate the highest common factor of 12 and 21548.
4
Calculate the highest common factor of 16116 and 1751.
17
Calculate the greatest common divisor of 128 and 352.
32
Calculate the greatest common divisor of 5 and 10383.
1
Calculate the highest common divisor of 32338 and 5402.
74
What is the greatest common divisor of 189 and 3996?
27
What is the greatest common factor of 64524 and 684?
228
Calculate the highest common factor of 6893 and 61.
61
What is the greatest common divisor of 25368 and 22512?
168
What is the highest common divisor of 7488715 and 65?
65
What is the highest common divisor of 5980 and 24830?
130
What is the greatest common factor of 50 and 102275?
25
Calculate the greatest common divisor of 15879 and 201.
201
What is the greatest common divisor of 567490 and 134?
134
Calculate the highest common factor of 73526 and 1137.
379
What is the highest common factor of 6 and 33087?
3
Calculate the greatest common factor of 1774920 and 7560.
840
What is the highest common divisor of 11 and 600?
1
Calculate the greatest common divisor of 436409 and 2097.
233
Calculate the greatest common factor of 1969744 and 86.
86
Calculate the highest common factor of 80091 and 132.
33
What is the greatest common factor of 1220 and 25?
5
Calculate the highest common divisor of 50742 and 90.
18
Calculate the greatest common factor of 62422 and 1652.
118
Calculate the greatest common factor of 2064 and 496.
16
Calculate the greatest common divisor of 7679 and 560.
7
What is the highest common factor of 488 and 20191?
61
What is the highest common divisor of 1010354 and 2298?
766
What is the greatest common factor of 12516 and 5348?
28
What is the greatest common divisor of 370688 and 47784?
1448
What is the greatest common factor of 32742 and 68?
34
Calculate the highest common divisor of 270545 and 1650.
55
